{"id":1273,"date":"2025-01-05T15:50:05","date_gmt":"2025-01-05T14:50:05","guid":{"rendered":"https:\/\/mariuszmoszczynski.pl\/?page_id=1273"},"modified":"2025-01-08T14:45:48","modified_gmt":"2025-01-08T13:45:48","slug":"scianka-2","status":"publish","type":"page","link":"https:\/\/mariuszmoszczynski.pl\/?page_id=1273","title":{"rendered":"\u015acianka | stela\u017c dekoracyjny"},"content":{"rendered":"\t\t<div data-elementor-type=\"wp-page\" data-elementor-id=\"1273\" class=\"elementor elementor-1273\">\n\t\t\t\t\t\t<section class=\"elementor-section elementor-top-section elementor-element elementor-element-46d52fb elementor-section-boxed elementor-section-height-default elementor-section-height-default\" data-id=\"46d52fb\" data-element_type=\"section\" data-settings=\"{&quot;background_background&quot;:&quot;classic&quot;}\">\n\t\t\t\t\t\t\t<div class=\"elementor-background-overlay\"><\/div>\n\t\t\t\t\t\t\t<div class=\"elementor-container elementor-column-gap-default\">\n\t\t\t\t\t<div class=\"elementor-column elementor-col-100 elementor-top-column elementor-element elementor-element-5010c91\" data-id=\"5010c91\" data-element_type=\"column\">\n\t\t\t<div class=\"elementor-widget-wrap elementor-element-populated\">\n\t\t\t\t\t\t<div class=\"elementor-element elementor-element-422f62c elementor-widget elementor-widget-heading\" data-id=\"422f62c\" data-element_type=\"widget\" data-widget_type=\"heading.default\">\n\t\t\t\t<div class=\"elementor-widget-container\">\n\t\t\t\t\t<h2 class=\"elementor-heading-title elementor-size-default\">\u015acianka<\/h2>\t\t\t\t<\/div>\n\t\t\t\t<\/div>\n\t\t\t\t<div class=\"elementor-element elementor-element-4ed77a3 elementor-widget-divider--view-line elementor-widget elementor-widget-divider\" data-id=\"4ed77a3\" data-element_type=\"widget\" data-widget_type=\"divider.default\">\n\t\t\t\t<div class=\"elementor-widget-container\">\n\t\t\t\t\t\t\t<div class=\"elementor-divider\">\n\t\t\t<span class=\"elementor-divider-separator\">\n\t\t\t\t\t\t<\/span>\n\t\t<\/div>\n\t\t\t\t\t\t<\/div>\n\t\t\t\t<\/div>\n\t\t\t\t<div class=\"elementor-element elementor-element-6763157 elementor-widget elementor-widget-heading\" data-id=\"6763157\" data-element_type=\"widget\" data-widget_type=\"heading.default\">\n\t\t\t\t<div class=\"elementor-widget-container\">\n\t\t\t\t\t<h5 class=\"elementor-heading-title elementor-size-default\">Stela\u017c dekoracyjny<\/h5>\t\t\t\t<\/div>\n\t\t\t\t<\/div>\n\t\t\t\t\t<\/div>\n\t\t<\/div>\n\t\t\t\t\t<\/div>\n\t\t<\/section>\n\t\t\t\t<section class=\"elementor-section elementor-top-section elementor-element elementor-element-5a6b385 elementor-section-content-middle elementor-section-boxed elementor-section-height-default elementor-section-height-default\" data-id=\"5a6b385\" data-element_type=\"section\">\n\t\t\t\t\t\t<div class=\"elementor-container elementor-column-gap-wide\">\n\t\t\t\t\t<div class=\"elementor-column elementor-col-50 elementor-top-column elementor-element elementor-element-50f5ae9\" data-id=\"50f5ae9\" data-element_type=\"column\">\n\t\t\t<div class=\"elementor-widget-wrap elementor-element-populated\">\n\t\t\t\t\t\t<div class=\"elementor-element elementor-element-e6f3915 elementor-widget elementor-widget-image\" data-id=\"e6f3915\" data-element_type=\"widget\" data-widget_type=\"image.default\">\n\t\t\t\t<div class=\"elementor-widget-container\">\n\t\t\t\t\t\t\t\t\t\t\t\t\t\t\t<img decoding=\"async\" src=\"https:\/\/mariuszmoszczynski.pl\/wp-content\/uploads\/elementor\/thumbs\/DSC05023-qzkfgzzz8jv6mpqqgt5i7jpu2w3dhzmx8un4vs5oow.jpg\" title=\"DSC05023\" alt=\"DSC05023\" loading=\"lazy\" \/>\t\t\t\t\t\t\t\t\t\t\t\t\t\t\t<\/div>\n\t\t\t\t<\/div>\n\t\t\t\t\t<\/div>\n\t\t<\/div>\n\t\t\t\t<div class=\"elementor-column elementor-col-50 elementor-top-column elementor-element elementor-element-c489930\" data-id=\"c489930\" data-element_type=\"column\">\n\t\t\t<div class=\"elementor-widget-wrap elementor-element-populated\">\n\t\t\t\t\t\t<div class=\"elementor-element elementor-element-5942240 elementor-widget__width-initial elementor-widget elementor-widget-heading\" data-id=\"5942240\" data-element_type=\"widget\" data-widget_type=\"heading.default\">\n\t\t\t\t<div class=\"elementor-widget-container\">\n\t\t\t\t\t<div class=\"elementor-heading-title elementor-size-default\">Scianka dekoracyjna<\/div>\t\t\t\t<\/div>\n\t\t\t\t<\/div>\n\t\t\t\t<div class=\"elementor-element elementor-element-49ff3d3 elementor-widget__width-initial elementor-widget elementor-widget-text-editor\" data-id=\"49ff3d3\" data-element_type=\"widget\" data-widget_type=\"text-editor.default\">\n\t\t\t\t<div class=\"elementor-widget-container\">\n\t\t\t\t\t\t\t\t\t<h5 style=\"text-align: left;\" align=\"justify\">\u00a0<\/h5><p style=\"text-align: left;\" align=\"justify\"><strong>Stela\u017c do zdj\u0119\u0107<\/strong> w kszta\u0142cie <strong>heksagonu<\/strong> to popularny element dekoracyjny r\u00f3\u017cnych imprez i uroczysto\u015bci.<\/p><p>Jest on lekki, <strong>\u0142atwy do monta\u017cu<\/strong> i nadaje si\u0119 do aran\u017cacji przestrzeni z <strong>balonami, kwiatami<\/strong> czy grafikami reklamowymi.<\/p><p>Stela\u017c wykonany jest masywny, wykonany <strong>ze stali<\/strong> co zapewnia <strong>wytrzyma\u0142o\u015b\u0107 i stabilno\u015b\u0107<\/strong>. Sk\u0142ada si\u0119 z cz\u0119\u015bci, co u\u0142atwia transport i przechowywanie, a sam <strong>monta\u017c jest prosty i szybki<\/strong>.<br \/>Stela\u017c ma r\u00f3zne zastosowania\u2026 mo\u017cna stworzy\u0107 na nim pi\u0119kn\u0105 dekoracj\u0119 np. balonow\u0105 lub kwiatow\u0105. Mo\u017cna r\u00f3wnie\u017c wykorzysta\u0107 go w celach reklamowych poprzez umieszczenie na nim logo firmy\/ baneru.<\/p><p>Kszta\u0142t heksagonu nadaje <strong>nowoczesny i elegancki<\/strong> wygl\u0105d. Jest idealnym elementem r\u00f3\u017cnego rodzaju uroczysto\u015bci i wydarze\u0144.<\/p><p>\u00a0<\/p><p><em><strong>Cena:<\/strong><\/em><br \/><span style=\"text-decoration: underline;\">doba &#8211; 60z\u0142<\/span><br \/><span style=\"text-decoration: underline;\">weekend &#8211; 100z\u0142<\/span><\/p><p style=\"text-align: left;\">\u00a0<\/p>\t\t\t\t\t\t\t\t<\/div>\n\t\t\t\t<\/div>\n\t\t\t\t\t<\/div>\n\t\t<\/div>\n\t\t\t\t\t<\/div>\n\t\t<\/section>\n\t\t<div class=\"elementor-element elementor-element-dad2322 e-flex e-con-boxed e-con e-parent\" data-id=\"dad2322\" data-element_type=\"container\">\n\t\t\t\t\t<div class=\"e-con-inner\">\n\t\t\t\t<div class=\"elementor-element elementor-element-3bd9a16 elementor-widget elementor-widget-image-gallery\" data-id=\"3bd9a16\" data-element_type=\"widget\" data-widget_type=\"image-gallery.default\">\n\t\t\t\t<div class=\"elementor-widget-container\">\n\t\t\t\t\t\t\t<div class=\"elementor-image-gallery\">\n\t\t\t\n\t\t<style type=\"text\/css\">\n\t\t\t#gallery-1 {\n\t\t\t\tmargin: auto;\n\t\t\t}\n\t\t\t#gallery-1 .gallery-item {\n\t\t\t\tfloat: left;\n\t\t\t\tmargin-top: 10px;\n\t\t\t\ttext-align: center;\n\t\t\t\twidth: 20%;\n\t\t\t}\n\t\t\t#gallery-1 img {\n\t\t\t\tborder: 2px solid #cfcfcf;\n\t\t\t}\n\t\t\t#gallery-1 .gallery-caption {\n\t\t\t\tmargin-left: 0;\n\t\t\t}\n\t\t\t\/* see gallery_shortcode() in wp-includes\/media.php *\/\n\t\t<\/style>\n\t\t<div id='gallery-1' class='gallery galleryid-1273 gallery-columns-5 gallery-size-medium'><dl class='gallery-item'>\n\t\t\t<dt class='gallery-icon portrait'>\n\t\t\t\t<a data-elementor-open-lightbox=\"yes\" data-elementor-lightbox-slideshow=\"3bd9a16\" data-elementor-lightbox-title=\"DSC05013\" data-e-action-hash=\"#elementor-action%3Aaction%3Dlightbox%26settings%3DeyJpZCI6MTMyMywidXJsIjoiaHR0cHM6XC9cL21hcml1c3ptb3N6Y3p5bnNraS5wbFwvd3AtY29udGVudFwvdXBsb2Fkc1wvMjAyNVwvMDFcL0RTQzA1MDEzLmpwZyIsInNsaWRlc2hvdyI6IjNiZDlhMTYifQ%3D%3D\" href='https:\/\/mariuszmoszczynski.pl\/wp-content\/uploads\/2025\/01\/DSC05013.jpg'><img fetchpriority=\"high\" decoding=\"async\" width=\"200\" height=\"300\" src=\"https:\/\/mariuszmoszczynski.pl\/wp-content\/uploads\/2025\/01\/DSC05013-200x300.jpg\" class=\"attachment-medium size-medium\" alt=\"\" srcset=\"https:\/\/mariuszmoszczynski.pl\/wp-content\/uploads\/2025\/01\/DSC05013-200x300.jpg 200w, https:\/\/mariuszmoszczynski.pl\/wp-content\/uploads\/2025\/01\/DSC05013-683x1024.jpg 683w, https:\/\/mariuszmoszczynski.pl\/wp-content\/uploads\/2025\/01\/DSC05013-768x1152.jpg 768w, https:\/\/mariuszmoszczynski.pl\/wp-content\/uploads\/2025\/01\/DSC05013-1024x1536.jpg 1024w, https:\/\/mariuszmoszczynski.pl\/wp-content\/uploads\/2025\/01\/DSC05013-500x750.jpg 500w, https:\/\/mariuszmoszczynski.pl\/wp-content\/uploads\/2025\/01\/DSC05013-800x1200.jpg 800w, https:\/\/mariuszmoszczynski.pl\/wp-content\/uploads\/2025\/01\/DSC05013-1280x1920.jpg 1280w, https:\/\/mariuszmoszczynski.pl\/wp-content\/uploads\/2025\/01\/DSC05013.jpg 1365w\" sizes=\"(max-width: 200px) 100vw, 200px\" \/><\/a>\n\t\t\t<\/dt><\/dl><dl class='gallery-item'>\n\t\t\t<dt class='gallery-icon portrait'>\n\t\t\t\t<a data-elementor-open-lightbox=\"yes\" data-elementor-lightbox-slideshow=\"3bd9a16\" data-elementor-lightbox-title=\"DSC05023\" data-e-action-hash=\"#elementor-action%3Aaction%3Dlightbox%26settings%3DeyJpZCI6MTMxNywidXJsIjoiaHR0cHM6XC9cL21hcml1c3ptb3N6Y3p5bnNraS5wbFwvd3AtY29udGVudFwvdXBsb2Fkc1wvMjAyNVwvMDFcL0RTQzA1MDIzLmpwZyIsInNsaWRlc2hvdyI6IjNiZDlhMTYifQ%3D%3D\" href='https:\/\/mariuszmoszczynski.pl\/wp-content\/uploads\/2025\/01\/DSC05023.jpg'><img decoding=\"async\" width=\"200\" height=\"300\" src=\"https:\/\/mariuszmoszczynski.pl\/wp-content\/uploads\/2025\/01\/DSC05023-200x300.jpg\" class=\"attachment-medium size-medium\" alt=\"\" srcset=\"https:\/\/mariuszmoszczynski.pl\/wp-content\/uploads\/2025\/01\/DSC05023-200x300.jpg 200w, https:\/\/mariuszmoszczynski.pl\/wp-content\/uploads\/2025\/01\/DSC05023-683x1024.jpg 683w, https:\/\/mariuszmoszczynski.pl\/wp-content\/uploads\/2025\/01\/DSC05023-768x1152.jpg 768w, https:\/\/mariuszmoszczynski.pl\/wp-content\/uploads\/2025\/01\/DSC05023-1024x1536.jpg 1024w, https:\/\/mariuszmoszczynski.pl\/wp-content\/uploads\/2025\/01\/DSC05023-500x750.jpg 500w, https:\/\/mariuszmoszczynski.pl\/wp-content\/uploads\/2025\/01\/DSC05023-800x1200.jpg 800w, https:\/\/mariuszmoszczynski.pl\/wp-content\/uploads\/2025\/01\/DSC05023-1280x1920.jpg 1280w, https:\/\/mariuszmoszczynski.pl\/wp-content\/uploads\/2025\/01\/DSC05023.jpg 1365w\" sizes=\"(max-width: 200px) 100vw, 200px\" \/><\/a>\n\t\t\t<\/dt><\/dl><dl class='gallery-item'>\n\t\t\t<dt class='gallery-icon portrait'>\n\t\t\t\t<a data-elementor-open-lightbox=\"yes\" data-elementor-lightbox-slideshow=\"3bd9a16\" data-elementor-lightbox-title=\"DSC05020\" data-e-action-hash=\"#elementor-action%3Aaction%3Dlightbox%26settings%3DeyJpZCI6MTMyNSwidXJsIjoiaHR0cHM6XC9cL21hcml1c3ptb3N6Y3p5bnNraS5wbFwvd3AtY29udGVudFwvdXBsb2Fkc1wvMjAyNVwvMDFcL0RTQzA1MDIwLmpwZyIsInNsaWRlc2hvdyI6IjNiZDlhMTYifQ%3D%3D\" href='https:\/\/mariuszmoszczynski.pl\/wp-content\/uploads\/2025\/01\/DSC05020.jpg'><img decoding=\"async\" width=\"200\" height=\"300\" src=\"https:\/\/mariuszmoszczynski.pl\/wp-content\/uploads\/2025\/01\/DSC05020-200x300.jpg\" class=\"attachment-medium size-medium\" alt=\"\" srcset=\"https:\/\/mariuszmoszczynski.pl\/wp-content\/uploads\/2025\/01\/DSC05020-200x300.jpg 200w, https:\/\/mariuszmoszczynski.pl\/wp-content\/uploads\/2025\/01\/DSC05020-683x1024.jpg 683w, https:\/\/mariuszmoszczynski.pl\/wp-content\/uploads\/2025\/01\/DSC05020-768x1152.jpg 768w, https:\/\/mariuszmoszczynski.pl\/wp-content\/uploads\/2025\/01\/DSC05020-1024x1536.jpg 1024w, https:\/\/mariuszmoszczynski.pl\/wp-content\/uploads\/2025\/01\/DSC05020-500x750.jpg 500w, https:\/\/mariuszmoszczynski.pl\/wp-content\/uploads\/2025\/01\/DSC05020-800x1200.jpg 800w, https:\/\/mariuszmoszczynski.pl\/wp-content\/uploads\/2025\/01\/DSC05020-1280x1920.jpg 1280w, https:\/\/mariuszmoszczynski.pl\/wp-content\/uploads\/2025\/01\/DSC05020.jpg 1365w\" sizes=\"(max-width: 200px) 100vw, 200px\" \/><\/a>\n\t\t\t<\/dt><\/dl><dl class='gallery-item'>\n\t\t\t<dt class='gallery-icon portrait'>\n\t\t\t\t<a data-elementor-open-lightbox=\"yes\" data-elementor-lightbox-slideshow=\"3bd9a16\" data-elementor-lightbox-title=\"DSC05026\" data-e-action-hash=\"#elementor-action%3Aaction%3Dlightbox%26settings%3DeyJpZCI6MTMyOCwidXJsIjoiaHR0cHM6XC9cL21hcml1c3ptb3N6Y3p5bnNraS5wbFwvd3AtY29udGVudFwvdXBsb2Fkc1wvMjAyNVwvMDFcL0RTQzA1MDI2LmpwZyIsInNsaWRlc2hvdyI6IjNiZDlhMTYifQ%3D%3D\" href='https:\/\/mariuszmoszczynski.pl\/wp-content\/uploads\/2025\/01\/DSC05026.jpg'><img loading=\"lazy\" decoding=\"async\" width=\"200\" height=\"300\" src=\"https:\/\/mariuszmoszczynski.pl\/wp-content\/uploads\/2025\/01\/DSC05026-200x300.jpg\" class=\"attachment-medium size-medium\" alt=\"\" srcset=\"https:\/\/mariuszmoszczynski.pl\/wp-content\/uploads\/2025\/01\/DSC05026-200x300.jpg 200w, https:\/\/mariuszmoszczynski.pl\/wp-content\/uploads\/2025\/01\/DSC05026-683x1024.jpg 683w, https:\/\/mariuszmoszczynski.pl\/wp-content\/uploads\/2025\/01\/DSC05026-768x1152.jpg 768w, https:\/\/mariuszmoszczynski.pl\/wp-content\/uploads\/2025\/01\/DSC05026-1024x1536.jpg 1024w, https:\/\/mariuszmoszczynski.pl\/wp-content\/uploads\/2025\/01\/DSC05026-500x750.jpg 500w, https:\/\/mariuszmoszczynski.pl\/wp-content\/uploads\/2025\/01\/DSC05026-800x1200.jpg 800w, https:\/\/mariuszmoszczynski.pl\/wp-content\/uploads\/2025\/01\/DSC05026-1280x1920.jpg 1280w, https:\/\/mariuszmoszczynski.pl\/wp-content\/uploads\/2025\/01\/DSC05026.jpg 1365w\" sizes=\"(max-width: 200px) 100vw, 200px\" \/><\/a>\n\t\t\t<\/dt><\/dl><dl class='gallery-item'>\n\t\t\t<dt class='gallery-icon landscape'>\n\t\t\t\t<a data-elementor-open-lightbox=\"yes\" data-elementor-lightbox-slideshow=\"3bd9a16\" data-elementor-lightbox-title=\"DSC05025\" data-e-action-hash=\"#elementor-action%3Aaction%3Dlightbox%26settings%3DeyJpZCI6MTMyNywidXJsIjoiaHR0cHM6XC9cL21hcml1c3ptb3N6Y3p5bnNraS5wbFwvd3AtY29udGVudFwvdXBsb2Fkc1wvMjAyNVwvMDFcL0RTQzA1MDI1LmpwZyIsInNsaWRlc2hvdyI6IjNiZDlhMTYifQ%3D%3D\" href='https:\/\/mariuszmoszczynski.pl\/wp-content\/uploads\/2025\/01\/DSC05025.jpg'><img loading=\"lazy\" decoding=\"async\" width=\"300\" height=\"200\" src=\"https:\/\/mariuszmoszczynski.pl\/wp-content\/uploads\/2025\/01\/DSC05025-300x200.jpg\" class=\"attachment-medium size-medium\" alt=\"\" srcset=\"https:\/\/mariuszmoszczynski.pl\/wp-content\/uploads\/2025\/01\/DSC05025-300x200.jpg 300w, https:\/\/mariuszmoszczynski.pl\/wp-content\/uploads\/2025\/01\/DSC05025-1024x683.jpg 1024w, https:\/\/mariuszmoszczynski.pl\/wp-content\/uploads\/2025\/01\/DSC05025-768x512.jpg 768w, https:\/\/mariuszmoszczynski.pl\/wp-content\/uploads\/2025\/01\/DSC05025-1536x1024.jpg 1536w, https:\/\/mariuszmoszczynski.pl\/wp-content\/uploads\/2025\/01\/DSC05025-500x333.jpg 500w, https:\/\/mariuszmoszczynski.pl\/wp-content\/uploads\/2025\/01\/DSC05025-800x533.jpg 800w, https:\/\/mariuszmoszczynski.pl\/wp-content\/uploads\/2025\/01\/DSC05025-1280x853.jpg 1280w, https:\/\/mariuszmoszczynski.pl\/wp-content\/uploads\/2025\/01\/DSC05025-1920x1280.jpg 1920w, https:\/\/mariuszmoszczynski.pl\/wp-content\/uploads\/2025\/01\/DSC05025.jpg 2048w\" sizes=\"(max-width: 300px) 100vw, 300px\" \/><\/a>\n\t\t\t<\/dt><\/dl><br style=\"clear: both\" \/><dl class='gallery-item'>\n\t\t\t<dt class='gallery-icon landscape'>\n\t\t\t\t<a data-elementor-open-lightbox=\"yes\" data-elementor-lightbox-slideshow=\"3bd9a16\" data-elementor-lightbox-title=\"DSC05302\" data-e-action-hash=\"#elementor-action%3Aaction%3Dlightbox%26settings%3DeyJpZCI6MTMzMiwidXJsIjoiaHR0cHM6XC9cL21hcml1c3ptb3N6Y3p5bnNraS5wbFwvd3AtY29udGVudFwvdXBsb2Fkc1wvMjAyNVwvMDFcL0RTQzA1MzAyLmpwZyIsInNsaWRlc2hvdyI6IjNiZDlhMTYifQ%3D%3D\" href='https:\/\/mariuszmoszczynski.pl\/wp-content\/uploads\/2025\/01\/DSC05302.jpg'><img loading=\"lazy\" decoding=\"async\" width=\"300\" height=\"200\" src=\"https:\/\/mariuszmoszczynski.pl\/wp-content\/uploads\/2025\/01\/DSC05302-300x200.jpg\" class=\"attachment-medium size-medium\" alt=\"\" srcset=\"https:\/\/mariuszmoszczynski.pl\/wp-content\/uploads\/2025\/01\/DSC05302-300x200.jpg 300w, https:\/\/mariuszmoszczynski.pl\/wp-content\/uploads\/2025\/01\/DSC05302-1024x683.jpg 1024w, https:\/\/mariuszmoszczynski.pl\/wp-content\/uploads\/2025\/01\/DSC05302-768x512.jpg 768w, https:\/\/mariuszmoszczynski.pl\/wp-content\/uploads\/2025\/01\/DSC05302-1536x1024.jpg 1536w, https:\/\/mariuszmoszczynski.pl\/wp-content\/uploads\/2025\/01\/DSC05302-500x333.jpg 500w, https:\/\/mariuszmoszczynski.pl\/wp-content\/uploads\/2025\/01\/DSC05302-800x533.jpg 800w, https:\/\/mariuszmoszczynski.pl\/wp-content\/uploads\/2025\/01\/DSC05302-1280x853.jpg 1280w, https:\/\/mariuszmoszczynski.pl\/wp-content\/uploads\/2025\/01\/DSC05302-1920x1280.jpg 1920w, https:\/\/mariuszmoszczynski.pl\/wp-content\/uploads\/2025\/01\/DSC05302.jpg 2048w\" sizes=\"(max-width: 300px) 100vw, 300px\" \/><\/a>\n\t\t\t<\/dt><\/dl><dl class='gallery-item'>\n\t\t\t<dt class='gallery-icon landscape'>\n\t\t\t\t<a data-elementor-open-lightbox=\"yes\" data-elementor-lightbox-slideshow=\"3bd9a16\" data-elementor-lightbox-title=\"DSC05300\" data-e-action-hash=\"#elementor-action%3Aaction%3Dlightbox%26settings%3DeyJpZCI6MTMzMCwidXJsIjoiaHR0cHM6XC9cL21hcml1c3ptb3N6Y3p5bnNraS5wbFwvd3AtY29udGVudFwvdXBsb2Fkc1wvMjAyNVwvMDFcL0RTQzA1MzAwLmpwZyIsInNsaWRlc2hvdyI6IjNiZDlhMTYifQ%3D%3D\" href='https:\/\/mariuszmoszczynski.pl\/wp-content\/uploads\/2025\/01\/DSC05300.jpg'><img loading=\"lazy\" decoding=\"async\" width=\"300\" height=\"200\" src=\"https:\/\/mariuszmoszczynski.pl\/wp-content\/uploads\/2025\/01\/DSC05300-300x200.jpg\" class=\"attachment-medium size-medium\" alt=\"\" srcset=\"https:\/\/mariuszmoszczynski.pl\/wp-content\/uploads\/2025\/01\/DSC05300-300x200.jpg 300w, https:\/\/mariuszmoszczynski.pl\/wp-content\/uploads\/2025\/01\/DSC05300-1024x683.jpg 1024w, https:\/\/mariuszmoszczynski.pl\/wp-content\/uploads\/2025\/01\/DSC05300-768x512.jpg 768w, https:\/\/mariuszmoszczynski.pl\/wp-content\/uploads\/2025\/01\/DSC05300-1536x1024.jpg 1536w, https:\/\/mariuszmoszczynski.pl\/wp-content\/uploads\/2025\/01\/DSC05300-500x333.jpg 500w, https:\/\/mariuszmoszczynski.pl\/wp-content\/uploads\/2025\/01\/DSC05300-800x533.jpg 800w, https:\/\/mariuszmoszczynski.pl\/wp-content\/uploads\/2025\/01\/DSC05300-1280x853.jpg 1280w, https:\/\/mariuszmoszczynski.pl\/wp-content\/uploads\/2025\/01\/DSC05300-1920x1280.jpg 1920w, https:\/\/mariuszmoszczynski.pl\/wp-content\/uploads\/2025\/01\/DSC05300.jpg 2048w\" sizes=\"(max-width: 300px) 100vw, 300px\" \/><\/a>\n\t\t\t<\/dt><\/dl><dl class='gallery-item'>\n\t\t\t<dt class='gallery-icon landscape'>\n\t\t\t\t<a data-elementor-open-lightbox=\"yes\" data-elementor-lightbox-slideshow=\"3bd9a16\" data-elementor-lightbox-title=\"18Julii-2\" data-e-action-hash=\"#elementor-action%3Aaction%3Dlightbox%26settings%3DeyJpZCI6MTMxOSwidXJsIjoiaHR0cHM6XC9cL21hcml1c3ptb3N6Y3p5bnNraS5wbFwvd3AtY29udGVudFwvdXBsb2Fkc1wvMjAyNVwvMDFcLzE4SnVsaWktMi1zY2FsZWQuanBnIiwic2xpZGVzaG93IjoiM2JkOWExNiJ9\" href='https:\/\/mariuszmoszczynski.pl\/wp-content\/uploads\/2025\/01\/18Julii-2-scaled.jpg'><img loading=\"lazy\" decoding=\"async\" width=\"300\" height=\"200\" src=\"https:\/\/mariuszmoszczynski.pl\/wp-content\/uploads\/2025\/01\/18Julii-2-300x200.jpg\" class=\"attachment-medium size-medium\" alt=\"\" srcset=\"https:\/\/mariuszmoszczynski.pl\/wp-content\/uploads\/2025\/01\/18Julii-2-300x200.jpg 300w, https:\/\/mariuszmoszczynski.pl\/wp-content\/uploads\/2025\/01\/18Julii-2-1024x683.jpg 1024w, https:\/\/mariuszmoszczynski.pl\/wp-content\/uploads\/2025\/01\/18Julii-2-768x512.jpg 768w, https:\/\/mariuszmoszczynski.pl\/wp-content\/uploads\/2025\/01\/18Julii-2-1536x1024.jpg 1536w, https:\/\/mariuszmoszczynski.pl\/wp-content\/uploads\/2025\/01\/18Julii-2-2048x1365.jpg 2048w, https:\/\/mariuszmoszczynski.pl\/wp-content\/uploads\/2025\/01\/18Julii-2-500x333.jpg 500w, https:\/\/mariuszmoszczynski.pl\/wp-content\/uploads\/2025\/01\/18Julii-2-800x533.jpg 800w, https:\/\/mariuszmoszczynski.pl\/wp-content\/uploads\/2025\/01\/18Julii-2-1280x853.jpg 1280w, https:\/\/mariuszmoszczynski.pl\/wp-content\/uploads\/2025\/01\/18Julii-2-1920x1280.jpg 1920w\" sizes=\"(max-width: 300px) 100vw, 300px\" \/><\/a>\n\t\t\t<\/dt><\/dl><dl class='gallery-item'>\n\t\t\t<dt class='gallery-icon landscape'>\n\t\t\t\t<a data-elementor-open-lightbox=\"yes\" data-elementor-lightbox-slideshow=\"3bd9a16\" data-elementor-lightbox-title=\"D3505629\" data-e-action-hash=\"#elementor-action%3Aaction%3Dlightbox%26settings%3DeyJpZCI6MTMyMCwidXJsIjoiaHR0cHM6XC9cL21hcml1c3ptb3N6Y3p5bnNraS5wbFwvd3AtY29udGVudFwvdXBsb2Fkc1wvMjAyNVwvMDFcL0QzNTA1NjI5LmpwZyIsInNsaWRlc2hvdyI6IjNiZDlhMTYifQ%3D%3D\" href='https:\/\/mariuszmoszczynski.pl\/wp-content\/uploads\/2025\/01\/D3505629.jpg'><img loading=\"lazy\" decoding=\"async\" width=\"300\" height=\"200\" src=\"https:\/\/mariuszmoszczynski.pl\/wp-content\/uploads\/2025\/01\/D3505629-300x200.jpg\" class=\"attachment-medium size-medium\" alt=\"\" srcset=\"https:\/\/mariuszmoszczynski.pl\/wp-content\/uploads\/2025\/01\/D3505629-300x200.jpg 300w, https:\/\/mariuszmoszczynski.pl\/wp-content\/uploads\/2025\/01\/D3505629-1024x683.jpg 1024w, https:\/\/mariuszmoszczynski.pl\/wp-content\/uploads\/2025\/01\/D3505629-768x512.jpg 768w, https:\/\/mariuszmoszczynski.pl\/wp-content\/uploads\/2025\/01\/D3505629-1536x1024.jpg 1536w, https:\/\/mariuszmoszczynski.pl\/wp-content\/uploads\/2025\/01\/D3505629-500x333.jpg 500w, https:\/\/mariuszmoszczynski.pl\/wp-content\/uploads\/2025\/01\/D3505629-800x533.jpg 800w, https:\/\/mariuszmoszczynski.pl\/wp-content\/uploads\/2025\/01\/D3505629-1280x853.jpg 1280w, https:\/\/mariuszmoszczynski.pl\/wp-content\/uploads\/2025\/01\/D3505629-1920x1280.jpg 1920w, https:\/\/mariuszmoszczynski.pl\/wp-content\/uploads\/2025\/01\/D3505629.jpg 2048w\" sizes=\"(max-width: 300px) 100vw, 300px\" \/><\/a>\n\t\t\t<\/dt><\/dl><dl class='gallery-item'>\n\t\t\t<dt class='gallery-icon landscape'>\n\t\t\t\t<a data-elementor-open-lightbox=\"yes\" data-elementor-lightbox-slideshow=\"3bd9a16\" data-elementor-lightbox-title=\"DSC05040\" data-e-action-hash=\"#elementor-action%3Aaction%3Dlightbox%26settings%3DeyJpZCI6MTMyOSwidXJsIjoiaHR0cHM6XC9cL21hcml1c3ptb3N6Y3p5bnNraS5wbFwvd3AtY29udGVudFwvdXBsb2Fkc1wvMjAyNVwvMDFcL0RTQzA1MDQwLmpwZyIsInNsaWRlc2hvdyI6IjNiZDlhMTYifQ%3D%3D\" href='https:\/\/mariuszmoszczynski.pl\/wp-content\/uploads\/2025\/01\/DSC05040.jpg'><img loading=\"lazy\" decoding=\"async\" width=\"300\" height=\"200\" src=\"https:\/\/mariuszmoszczynski.pl\/wp-content\/uploads\/2025\/01\/DSC05040-300x200.jpg\" class=\"attachment-medium size-medium\" alt=\"\" srcset=\"https:\/\/mariuszmoszczynski.pl\/wp-content\/uploads\/2025\/01\/DSC05040-300x200.jpg 300w, https:\/\/mariuszmoszczynski.pl\/wp-content\/uploads\/2025\/01\/DSC05040-1024x683.jpg 1024w, https:\/\/mariuszmoszczynski.pl\/wp-content\/uploads\/2025\/01\/DSC05040-768x512.jpg 768w, https:\/\/mariuszmoszczynski.pl\/wp-content\/uploads\/2025\/01\/DSC05040-1536x1024.jpg 1536w, https:\/\/mariuszmoszczynski.pl\/wp-content\/uploads\/2025\/01\/DSC05040-500x333.jpg 500w, https:\/\/mariuszmoszczynski.pl\/wp-content\/uploads\/2025\/01\/DSC05040-800x533.jpg 800w, https:\/\/mariuszmoszczynski.pl\/wp-content\/uploads\/2025\/01\/DSC05040-1280x853.jpg 1280w, https:\/\/mariuszmoszczynski.pl\/wp-content\/uploads\/2025\/01\/DSC05040-1920x1280.jpg 1920w, https:\/\/mariuszmoszczynski.pl\/wp-content\/uploads\/2025\/01\/DSC05040.jpg 2048w\" sizes=\"(max-width: 300px) 100vw, 300px\" \/><\/a>\n\t\t\t<\/dt><\/dl><br style=\"clear: both\" \/>\n\t\t<\/div>\n\t\t<\/div>\n\t\t\t\t\t\t<\/div>\n\t\t\t\t<\/div>\n\t\t\t\t\t<\/div>\n\t\t\t\t<\/div>\n\t\t<div class=\"elementor-element elementor-element-e133f62 e-flex e-con-boxed e-con e-parent\" data-id=\"e133f62\" data-element_type=\"container\">\n\t\t\t\t\t<div class=\"e-con-inner\">\n\t\t\t\t<div class=\"elementor-element elementor-element-916212f elementor-widget elementor-widget-spacer\" data-id=\"916212f\" data-element_type=\"widget\" data-widget_type=\"spacer.default\">\n\t\t\t\t<div class=\"elementor-widget-container\">\n\t\t\t\t\t\t\t<div class=\"elementor-spacer\">\n\t\t\t<div class=\"elementor-spacer-inner\"><\/div>\n\t\t<\/div>\n\t\t\t\t\t\t<\/div>\n\t\t\t\t<\/div>\n\t\t\t\t\t<\/div>\n\t\t\t\t<\/div>\n\t\t\t\t<\/div>\n\t\t","protected":false},"excerpt":{"rendered":"<p>\u015acianka Stela\u017c dekoracyjny Scianka dekoracyjna \u00a0 Stela\u017c do zdj\u0119\u0107 w kszta\u0142cie heksagonu to popularny element dekoracyjny r\u00f3\u017cnych imprez i uroczysto\u015bci. Jest on lekki, \u0142atwy do monta\u017cu i nadaje si\u0119 do aran\u017cacji przestrzeni z balonami, kwiatami czy grafikami reklamowymi. Stela\u017c wykonany jest masywny, wykonany ze stali co zapewnia wytrzyma\u0142o\u015b\u0107 i stabilno\u015b\u0107. Sk\u0142ada si\u0119 z cz\u0119\u015bci, co [&hellip;]<\/p>\n","protected":false},"author":2,"featured_media":0,"parent":0,"menu_order":0,"comment_status":"closed","ping_status":"closed","template":"elementor_header_footer","meta":{"_monsterinsights_skip_tracking":false,"_monsterinsights_sitenote_active":false,"_monsterinsights_sitenote_note":"","_monsterinsights_sitenote_category":0,"ngg_post_thumbnail":0,"_vp_format_video_url":"","_vp_image_focal_point":[],"footnotes":""},"class_list":["post-1273","page","type-page","status-publish","hentry"],"aioseo_notices":[],"_links":{"self":[{"href":"https:\/\/mariuszmoszczynski.pl\/index.php?rest_route=\/wp\/v2\/pages\/1273","targetHints":{"allow":["GET"]}}],"collection":[{"href":"https:\/\/mariuszmoszczynski.pl\/index.php?rest_route=\/wp\/v2\/pages"}],"about":[{"href":"https:\/\/mariuszmoszczynski.pl\/index.php?rest_route=\/wp\/v2\/types\/page"}],"author":[{"embeddable":true,"href":"https:\/\/mariuszmoszczynski.pl\/index.php?rest_route=\/wp\/v2\/users\/2"}],"replies":[{"embeddable":true,"href":"https:\/\/mariuszmoszczynski.pl\/index.php?rest_route=%2Fwp%2Fv2%2Fcomments&post=1273"}],"version-history":[{"count":16,"href":"https:\/\/mariuszmoszczynski.pl\/index.php?rest_route=\/wp\/v2\/pages\/1273\/revisions"}],"predecessor-version":[{"id":1548,"href":"https:\/\/mariuszmoszczynski.pl\/index.php?rest_route=\/wp\/v2\/pages\/1273\/revisions\/1548"}],"wp:attachment":[{"href":"https:\/\/mariuszmoszczynski.pl\/index.php?rest_route=%2Fwp%2Fv2%2Fmedia&parent=1273"}],"curies":[{"name":"wp","href":"https:\/\/api.w.org\/{rel}","templated":true}]}}